{"id":1344,"date":"2017-01-06T17:28:30","date_gmt":"2017-01-06T17:28:30","guid":{"rendered":"http:\/\/photostory.dk\/?page_id=1344"},"modified":"2017-01-06T17:28:53","modified_gmt":"2017-01-06T17:28:53","slug":"koebmand-hoki-i-karlslunde","status":"publish","type":"page","link":"https:\/\/www.photostory.dk\/?page_id=1344","title":{"rendered":"K\u00f8bmand Hoki i Karlslunde"},"content":{"rendered":"<p style=\"text-align: center;\"><a href=\"http:\/\/photostory.dk\/wp-content\/uploads\/2017\/01\/karlslunde_0001_small.jpg\"><img decoding=\"async\" loading=\"lazy\" class=\"alignnone size-full wp-image-1409\" src=\"http:\/\/photostory.dk\/wp-content\/uploads\/2017\/01\/karlslunde_0001_small.jpg\" alt=\"\" width=\"550\" height=\"775\" srcset=\"https:\/\/www.photostory.dk\/wp-content\/uploads\/2017\/01\/karlslunde_0001_small.jpg 550w, https:\/\/www.photostory.dk\/wp-content\/uploads\/2017\/01\/karlslunde_0001_small-156x220.jpg 156w\" sizes=\"(max-width: 550px) 100vw, 550px\" \/><\/a><\/p>\n<p style=\"text-align: center;\">K\u00f8bmand Hoki i Karlslunde<\/p>\n<p>K\u00f8bmand Hoki i Karlslunde. I gamle dage var der en stor sal med bar i det ene hj\u00f8rne. Der samledes alle mennesker til bal. Nogen gange var der slagsm\u00e5l, n\u00e5r de havde f\u00e5et for meget at drikke. I dag er der en k\u00f8bmandsbutik der hvor der f\u00f8r var balsal, sk\u00e6nkestue o.s.v.\u00a0I fremtiden vil vi h\u00e5be at den k\u00f8bmandsbutik vil blive der for altid.<\/p>\n<p>\u00bbKarlslunde f\u00f8r og nu \u2013 og lidt om fremtiden\u00ab er titlen p\u00e5 et undervisningsforl\u00f8b, som en 4. klasse med stor dygtighed udf\u00f8rte p\u00e5 Karlslunde Skole i Greve Kommune i slutningen af \u00e5ret 1981. Se mere om undervisningsforl\u00f8bet <a href=\"http:\/\/photostory.dk\/?page_id=297\">her!<\/a><\/p>\n<p><a href=\"http:\/\/photostory.dk\/?page_id=289\">Oversigt over \u00bbKarlslunde f\u00f8r og nu \u2013 og lidt om fremtiden\u00ab 1981<\/a><\/p>\n","protected":false},"excerpt":{"rendered":"<p>K\u00f8bmand Hoki i Karlslunde K\u00f8bmand Hoki i Karlslunde. I gamle dage var der en stor sal med bar i det ene hj\u00f8rne. Der samledes alle mennesker til bal. Nogen gange var der slagsm\u00e5l, n\u00e5r de havde f\u00e5et for meget at drikke. I dag er der en k\u00f8bmandsbutik der hvor der f\u00f8r var balsal, sk\u00e6nkestue o.s.v.\u00a0I &hellip; <a href=\"https:\/\/www.photostory.dk\/?page_id=1344\" class=\"more-link\">L\u00e6s mere <span class=\"screen-reader-text\">K\u00f8bmand Hoki i Karlslunde<\/span><\/a><\/p>\n","protected":false},"author":1,"featured_media":0,"parent":0,"menu_order":0,"comment_status":"closed","ping_status":"closed","template":"","meta":[],"_links":{"self":[{"href":"https:\/\/www.photostory.dk\/index.php?rest_route=\/wp\/v2\/pages\/1344"}],"collection":[{"href":"https:\/\/www.photostory.dk\/index.php?rest_route=\/wp\/v2\/pages"}],"about":[{"href":"https:\/\/www.photostory.dk\/index.php?rest_route=\/wp\/v2\/types\/page"}],"author":[{"embeddable":true,"href":"https:\/\/www.photostory.dk\/index.php?rest_route=\/wp\/v2\/users\/1"}],"replies":[{"embeddable":true,"href":"https:\/\/www.photostory.dk\/index.php?rest_route=%2Fwp%2Fv2%2Fcomments&post=1344"}],"version-history":[{"count":2,"href":"https:\/\/www.photostory.dk\/index.php?rest_route=\/wp\/v2\/pages\/1344\/revisions"}],"predecessor-version":[{"id":1410,"href":"https:\/\/www.photostory.dk\/index.php?rest_route=\/wp\/v2\/pages\/1344\/revisions\/1410"}],"wp:attachment":[{"href":"https:\/\/www.photostory.dk\/index.php?rest_route=%2Fwp%2Fv2%2Fmedia&parent=1344"}],"curies":[{"name":"wp","href":"https:\/\/api.w.org\/{rel}","templated":true}]}}