{"id":1278,"date":"2017-01-05T11:00:53","date_gmt":"2017-01-05T11:00:53","guid":{"rendered":"http:\/\/photostory.dk\/?page_id=1278"},"modified":"2017-01-17T09:31:27","modified_gmt":"2017-01-17T09:31:27","slug":"bageren-i-karlslunde-1981","status":"publish","type":"page","link":"https:\/\/www.photostory.dk\/?page_id=1278","title":{"rendered":"Gulf i Karlslunde 1981"},"content":{"rendered":"<p><a href=\"http:\/\/photostory.dk\/wp-content\/uploads\/2017\/01\/lb_0009_small.jpg\"><img decoding=\"async\" loading=\"lazy\" class=\"alignnone size-full wp-image-1318 aligncenter\" src=\"http:\/\/photostory.dk\/wp-content\/uploads\/2017\/01\/lb_0009_small.jpg\" alt=\"\" width=\"550\" height=\"775\" srcset=\"https:\/\/www.photostory.dk\/wp-content\/uploads\/2017\/01\/lb_0009_small.jpg 550w, https:\/\/www.photostory.dk\/wp-content\/uploads\/2017\/01\/lb_0009_small-156x220.jpg 156w\" sizes=\"(max-width: 550px) 100vw, 550px\" \/><\/a><\/p>\n<p style=\"text-align: left;\">Gulf i Karlslunde. I gamle dage var der cykelv\u00e6rksted. Senere begyndte de at reparere personbiler og s\u00e6lge dem.\u00a0I dag har Mogens Nielsen bilv\u00e6rksted og benzinsalg han overtog v\u00e6rkstedet efter sin far, for f\u00e5 \u00e5r siden.\u00a0I fremtiden h\u00e5ber Mogens at det vil blive ved p\u00e5 den m\u00e5de.<\/p>\n<p>\u00bbKarlslunde f\u00f8r og nu \u2013 og lidt om fremtiden\u00ab er titlen p\u00e5 et undervisningsforl\u00f8b, som eleverne i en 4. klasse med stor dygtighed udf\u00f8rte p\u00e5 Karlslunde Skole i Greve Kommune i slutningen af \u00e5ret 1981. Se mere om undervisningsforl\u00f8bet <a href=\"http:\/\/photostory.dk\/?page_id=297\">her!<\/a><\/p>\n<p style=\"text-align: center;\"><a href=\"http:\/\/photostory.dk\/?page_id=289\">Oversigt over \u00bbKarlslunde f\u00f8r og nu \u2013 og lidt om fremtiden\u00ab 1981<\/a><\/p>\n","protected":false},"excerpt":{"rendered":"<p>Gulf i Karlslunde. I gamle dage var der cykelv\u00e6rksted. Senere begyndte de at reparere personbiler og s\u00e6lge dem.\u00a0I dag har Mogens Nielsen bilv\u00e6rksted og benzinsalg han overtog v\u00e6rkstedet efter sin far, for f\u00e5 \u00e5r siden.\u00a0I fremtiden h\u00e5ber Mogens at det vil blive ved p\u00e5 den m\u00e5de. \u00bbKarlslunde f\u00f8r og nu \u2013 og lidt om fremtiden\u00ab &hellip; <a href=\"https:\/\/www.photostory.dk\/?page_id=1278\" class=\"more-link\">L\u00e6s mere <span class=\"screen-reader-text\">Gulf i Karlslunde 1981<\/span><\/a><\/p>\n","protected":false},"author":1,"featured_media":0,"parent":0,"menu_order":0,"comment_status":"closed","ping_status":"closed","template":"","meta":[],"_links":{"self":[{"href":"https:\/\/www.photostory.dk\/index.php?rest_route=\/wp\/v2\/pages\/1278"}],"collection":[{"href":"https:\/\/www.photostory.dk\/index.php?rest_route=\/wp\/v2\/pages"}],"about":[{"href":"https:\/\/www.photostory.dk\/index.php?rest_route=\/wp\/v2\/types\/page"}],"author":[{"embeddable":true,"href":"https:\/\/www.photostory.dk\/index.php?rest_route=\/wp\/v2\/users\/1"}],"replies":[{"embeddable":true,"href":"https:\/\/www.photostory.dk\/index.php?rest_route=%2Fwp%2Fv2%2Fcomments&post=1278"}],"version-history":[{"count":13,"href":"https:\/\/www.photostory.dk\/index.php?rest_route=\/wp\/v2\/pages\/1278\/revisions"}],"predecessor-version":[{"id":1790,"href":"https:\/\/www.photostory.dk\/index.php?rest_route=\/wp\/v2\/pages\/1278\/revisions\/1790"}],"wp:attachment":[{"href":"https:\/\/www.photostory.dk\/index.php?rest_route=%2Fwp%2Fv2%2Fmedia&parent=1278"}],"curies":[{"name":"wp","href":"https:\/\/api.w.org\/{rel}","templated":true}]}}