{"id":1273,"date":"2017-01-05T09:35:54","date_gmt":"2017-01-05T09:35:54","guid":{"rendered":"http:\/\/photostory.dk\/?page_id=1273"},"modified":"2017-01-05T09:35:54","modified_gmt":"2017-01-05T09:35:54","slug":"karlslunde-mejeri-1925","status":"publish","type":"page","link":"https:\/\/www.photostory.dk\/?page_id=1273","title":{"rendered":"Karlslunde Mejeri 1925"},"content":{"rendered":"<p style=\"text-align: center;\"><a href=\"http:\/\/photostory.dk\/wp-content\/uploads\/2017\/01\/lb-1_small.jpg\"><img decoding=\"async\" loading=\"lazy\" class=\"alignnone size-full wp-image-1275\" src=\"http:\/\/photostory.dk\/wp-content\/uploads\/2017\/01\/lb-1_small.jpg\" alt=\"\" width=\"550\" height=\"777\" srcset=\"https:\/\/www.photostory.dk\/wp-content\/uploads\/2017\/01\/lb-1_small.jpg 550w, https:\/\/www.photostory.dk\/wp-content\/uploads\/2017\/01\/lb-1_small-156x220.jpg 156w\" sizes=\"(max-width: 550px) 100vw, 550px\" \/><\/a><\/p>\n<p style=\"text-align: center;\">\u00a0<strong>Mejeriet i Karlslunde<\/strong><\/p>\n<p style=\"text-align: left;\">I gamle dage p\u00e5 mejeriet havde de hestevogn og m\u00e6lken kom fra S\u00f8nderg\u00e5rd og Vesterg\u00e5rds k\u00f8er m\u00e6lken var i store m\u00e6lkejunger.\u00a0I dag er der ingen, som arbejder p\u00e5 mejeriet og man bruger det som vaskek\u00e6lder.\u00a0I fremtiden bliver mejeriet m\u00e5ske nedlagt, s\u00e5 kan man lave noget andet.<\/p>\n<p>\u00bbKarlslunde f\u00f8r og nu &#8211; og lidt om fremtiden\u00ab er titlen p\u00e5 et undervisningsforl\u00f8b, som en 4. klasse med stor dygtighed udf\u00f8rte p\u00e5 Karlslunde Skole i Greve Kommune i slutningen af \u00e5ret 1981. Se mere om undervisningsforl\u00f8bet <a href=\"http:\/\/photostory.dk\/?page_id=297\">her!<\/a><\/p>\n<p style=\"text-align: center;\"><a href=\"http:\/\/photostory.dk\/?page_id=289\">Oversigt over elevarbejderne kan ses her!<\/a><\/p>\n","protected":false},"excerpt":{"rendered":"<p>\u00a0Mejeriet i Karlslunde I gamle dage p\u00e5 mejeriet havde de hestevogn og m\u00e6lken kom fra S\u00f8nderg\u00e5rd og Vesterg\u00e5rds k\u00f8er m\u00e6lken var i store m\u00e6lkejunger.\u00a0I dag er der ingen, som arbejder p\u00e5 mejeriet og man bruger det som vaskek\u00e6lder.\u00a0I fremtiden bliver mejeriet m\u00e5ske nedlagt, s\u00e5 kan man lave noget andet. \u00bbKarlslunde f\u00f8r og nu &#8211; og &hellip; <a href=\"https:\/\/www.photostory.dk\/?page_id=1273\" class=\"more-link\">L\u00e6s mere <span class=\"screen-reader-text\">Karlslunde Mejeri 1925<\/span><\/a><\/p>\n","protected":false},"author":1,"featured_media":0,"parent":0,"menu_order":0,"comment_status":"closed","ping_status":"closed","template":"","meta":[],"_links":{"self":[{"href":"https:\/\/www.photostory.dk\/index.php?rest_route=\/wp\/v2\/pages\/1273"}],"collection":[{"href":"https:\/\/www.photostory.dk\/index.php?rest_route=\/wp\/v2\/pages"}],"about":[{"href":"https:\/\/www.photostory.dk\/index.php?rest_route=\/wp\/v2\/types\/page"}],"author":[{"embeddable":true,"href":"https:\/\/www.photostory.dk\/index.php?rest_route=\/wp\/v2\/users\/1"}],"replies":[{"embeddable":true,"href":"https:\/\/www.photostory.dk\/index.php?rest_route=%2Fwp%2Fv2%2Fcomments&post=1273"}],"version-history":[{"count":2,"href":"https:\/\/www.photostory.dk\/index.php?rest_route=\/wp\/v2\/pages\/1273\/revisions"}],"predecessor-version":[{"id":1277,"href":"https:\/\/www.photostory.dk\/index.php?rest_route=\/wp\/v2\/pages\/1273\/revisions\/1277"}],"wp:attachment":[{"href":"https:\/\/www.photostory.dk\/index.php?rest_route=%2Fwp%2Fv2%2Fmedia&parent=1273"}],"curies":[{"name":"wp","href":"https:\/\/api.w.org\/{rel}","templated":true}]}}