{"id":1194,"date":"2017-01-04T12:55:04","date_gmt":"2017-01-04T12:55:04","guid":{"rendered":"http:\/\/photostory.dk\/?page_id=1194"},"modified":"2017-01-04T12:58:45","modified_gmt":"2017-01-04T12:58:45","slug":"holger-danske-skulpturen-foran-hotel-marienlyst-i-helsingoer-2007","status":"publish","type":"page","link":"https:\/\/www.photostory.dk\/?page_id=1194","title":{"rendered":"Holger Danske skulpturen foran Hotel Marienlyst i Helsing\u00f8r 2007"},"content":{"rendered":"<p><a href=\"http:\/\/photostory.dk\/wp-content\/uploads\/2017\/01\/helsingoer080907-354-001.jpg\"><img decoding=\"async\" loading=\"lazy\" class=\"alignnone wp-image-1195 aligncenter\" src=\"http:\/\/photostory.dk\/wp-content\/uploads\/2017\/01\/helsingoer080907-354-001.jpg\" width=\"590\" height=\"881\" srcset=\"https:\/\/www.photostory.dk\/wp-content\/uploads\/2017\/01\/helsingoer080907-354-001.jpg 686w, https:\/\/www.photostory.dk\/wp-content\/uploads\/2017\/01\/helsingoer080907-354-001-147x220.jpg 147w\" sizes=\"(max-width: 590px) 100vw, 590px\" \/><\/a><\/p>\n<p style=\"text-align: center;\"><strong>Holger Danske skulpturen foran Hotel Marienlyst i Helsing\u00f8r<\/strong><\/p>\n<p>I 1907 bestilte Hotel Marienlyst i Helsing\u00f8r en bronzestatue af Holger Danske.\u00a0Billedhuggeren Hans Pedersen-Dansom skabte en stor gipsfigur, som dannede model til den rigtige statue foran hotellet.\u00a0Gipsfiguren blev anbragt i kasematterne p\u00e5 Kronborg og gik til i de fugtige kasematter og blev i 1985 udskiftet med en ny model st\u00f8bt i beton, der bedre kan modst\u00e5 klimaet og fugten i kasematterne.<\/p>\n<p>Den originale bronzestatue fra Hotel Marienlyst blev i april 2013 sat til salg og blev solgt for 3,2 millioner, til\u00a0en erhvervsmand fra Skjern, og skulpturen er nu opstillet p\u00e5 byens torv.<\/p>\n<p style=\"text-align: center;\">Foto: Lars Bj\u00f8rnsten 8. september 2007<\/p>\n","protected":false},"excerpt":{"rendered":"<p>Holger Danske skulpturen foran Hotel Marienlyst i Helsing\u00f8r I 1907 bestilte Hotel Marienlyst i Helsing\u00f8r en bronzestatue af Holger Danske.\u00a0Billedhuggeren Hans Pedersen-Dansom skabte en stor gipsfigur, som dannede model til den rigtige statue foran hotellet.\u00a0Gipsfiguren blev anbragt i kasematterne p\u00e5 Kronborg og gik til i de fugtige kasematter og blev i 1985 udskiftet med en &hellip; <a href=\"https:\/\/www.photostory.dk\/?page_id=1194\" class=\"more-link\">L\u00e6s mere <span class=\"screen-reader-text\">Holger Danske skulpturen foran Hotel Marienlyst i Helsing\u00f8r 2007<\/span><\/a><\/p>\n","protected":false},"author":1,"featured_media":0,"parent":0,"menu_order":0,"comment_status":"closed","ping_status":"closed","template":"","meta":[],"_links":{"self":[{"href":"https:\/\/www.photostory.dk\/index.php?rest_route=\/wp\/v2\/pages\/1194"}],"collection":[{"href":"https:\/\/www.photostory.dk\/index.php?rest_route=\/wp\/v2\/pages"}],"about":[{"href":"https:\/\/www.photostory.dk\/index.php?rest_route=\/wp\/v2\/types\/page"}],"author":[{"embeddable":true,"href":"https:\/\/www.photostory.dk\/index.php?rest_route=\/wp\/v2\/users\/1"}],"replies":[{"embeddable":true,"href":"https:\/\/www.photostory.dk\/index.php?rest_route=%2Fwp%2Fv2%2Fcomments&post=1194"}],"version-history":[{"count":4,"href":"https:\/\/www.photostory.dk\/index.php?rest_route=\/wp\/v2\/pages\/1194\/revisions"}],"predecessor-version":[{"id":1199,"href":"https:\/\/www.photostory.dk\/index.php?rest_route=\/wp\/v2\/pages\/1194\/revisions\/1199"}],"wp:attachment":[{"href":"https:\/\/www.photostory.dk\/index.php?rest_route=%2Fwp%2Fv2%2Fmedia&parent=1194"}],"curies":[{"name":"wp","href":"https:\/\/api.w.org\/{rel}","templated":true}]}}