{"id":1165,"date":"2017-01-04T10:04:47","date_gmt":"2017-01-04T10:04:47","guid":{"rendered":"http:\/\/photostory.dk\/?page_id=1165"},"modified":"2017-01-04T10:05:09","modified_gmt":"2017-01-04T10:05:09","slug":"kirken-st-marys-by-the-sea-i-port-douglas","status":"publish","type":"page","link":"https:\/\/www.photostory.dk\/?page_id=1165","title":{"rendered":"Kirken St. Mary&#8217;s by the Sea i Port Douglas"},"content":{"rendered":"<p style=\"text-align: center;\"><img decoding=\"async\" loading=\"lazy\" class=\"wp-image-1167 size-large aligncenter\" src=\"http:\/\/photostory.dk\/wp-content\/uploads\/2017\/01\/australia-2009-d-22-1024x686.jpg\" width=\"660\" height=\"442\" srcset=\"https:\/\/www.photostory.dk\/wp-content\/uploads\/2017\/01\/australia-2009-d-22.jpg 1024w, https:\/\/www.photostory.dk\/wp-content\/uploads\/2017\/01\/australia-2009-d-22-295x198.jpg 295w, https:\/\/www.photostory.dk\/wp-content\/uploads\/2017\/01\/australia-2009-d-22-768x515.jpg 768w\" sizes=\"(max-width: 660px) 100vw, 660px\" \/>St Marys by the Sea, Port Douglas i Australien<\/p>\n<p>I Port Douglas finder man i et parkanl\u00e6g den lille fredede kirke St. Mary&#8217;s by the Sea. En lille perle af en tr\u00e6 kirke\u00a0i gotisk stil, som\u00a0ligger p\u00e5 forstranden ved Wharf Street. Der\u00a0bruges ikke altertavle i stedet ses havet umiddelbart udenfor \u00e5bningen ved alteret. Kirken\u00a0blev bygget i 1914 og erstatter en tidligere romersk-katolske kirke, som blev \u00f8delagt af en cyklonen i 1911. Et smukt sted, der b\u00f8r ses, hvis man er p\u00e5 de kanter!<\/p>\n<p><a href=\"http:\/\/photostory.dk\/wp-content\/uploads\/2017\/01\/australia-2009-d-20.jpg\"><img decoding=\"async\" loading=\"lazy\" class=\"size-medium wp-image-1166 alignleft\" src=\"http:\/\/photostory.dk\/wp-content\/uploads\/2017\/01\/australia-2009-d-20-295x198.jpg\" alt=\"\" width=\"295\" height=\"198\" srcset=\"https:\/\/www.photostory.dk\/wp-content\/uploads\/2017\/01\/australia-2009-d-20-295x198.jpg 295w, https:\/\/www.photostory.dk\/wp-content\/uploads\/2017\/01\/australia-2009-d-20-768x515.jpg 768w, https:\/\/www.photostory.dk\/wp-content\/uploads\/2017\/01\/australia-2009-d-20.jpg 1024w\" sizes=\"(max-width: 295px) 100vw, 295px\" \/><\/a><\/p>\n<p style=\"text-align: center;\"><a href=\"http:\/\/photostory.dk\/wp-content\/uploads\/2017\/01\/australia-2009-d-23.jpg\"><img decoding=\"async\" loading=\"lazy\" class=\"size-medium wp-image-1168 alignleft\" src=\"http:\/\/photostory.dk\/wp-content\/uploads\/2017\/01\/australia-2009-d-23-295x198.jpg\" alt=\"\" width=\"295\" height=\"198\" srcset=\"https:\/\/www.photostory.dk\/wp-content\/uploads\/2017\/01\/australia-2009-d-23-295x198.jpg 295w, https:\/\/www.photostory.dk\/wp-content\/uploads\/2017\/01\/australia-2009-d-23-768x515.jpg 768w, https:\/\/www.photostory.dk\/wp-content\/uploads\/2017\/01\/australia-2009-d-23.jpg 1024w\" sizes=\"(max-width: 295px) 100vw, 295px\" \/><\/a><br \/>\nFoto: Lars Bj\u00f8rnsten 11. november 2009.<\/p>\n","protected":false},"excerpt":{"rendered":"<p>St Marys by the Sea, Port Douglas i Australien I Port Douglas finder man i et parkanl\u00e6g den lille fredede kirke St. Mary&#8217;s by the Sea. En lille perle af en tr\u00e6 kirke\u00a0i gotisk stil, som\u00a0ligger p\u00e5 forstranden ved Wharf Street. Der\u00a0bruges ikke altertavle i stedet ses havet umiddelbart udenfor \u00e5bningen ved alteret. Kirken\u00a0blev bygget &hellip; <a href=\"https:\/\/www.photostory.dk\/?page_id=1165\" class=\"more-link\">L\u00e6s mere <span class=\"screen-reader-text\">Kirken St. Mary&#8217;s by the Sea i Port Douglas<\/span><\/a><\/p>\n","protected":false},"author":1,"featured_media":0,"parent":0,"menu_order":0,"comment_status":"closed","ping_status":"closed","template":"","meta":[],"_links":{"self":[{"href":"https:\/\/www.photostory.dk\/index.php?rest_route=\/wp\/v2\/pages\/1165"}],"collection":[{"href":"https:\/\/www.photostory.dk\/index.php?rest_route=\/wp\/v2\/pages"}],"about":[{"href":"https:\/\/www.photostory.dk\/index.php?rest_route=\/wp\/v2\/types\/page"}],"author":[{"embeddable":true,"href":"https:\/\/www.photostory.dk\/index.php?rest_route=\/wp\/v2\/users\/1"}],"replies":[{"embeddable":true,"href":"https:\/\/www.photostory.dk\/index.php?rest_route=%2Fwp%2Fv2%2Fcomments&post=1165"}],"version-history":[{"count":3,"href":"https:\/\/www.photostory.dk\/index.php?rest_route=\/wp\/v2\/pages\/1165\/revisions"}],"predecessor-version":[{"id":1171,"href":"https:\/\/www.photostory.dk\/index.php?rest_route=\/wp\/v2\/pages\/1165\/revisions\/1171"}],"wp:attachment":[{"href":"https:\/\/www.photostory.dk\/index.php?rest_route=%2Fwp%2Fv2%2Fmedia&parent=1165"}],"curies":[{"name":"wp","href":"https:\/\/api.w.org\/{rel}","templated":true}]}}