{"id":1092,"date":"2017-01-03T16:47:35","date_gmt":"2017-01-03T16:47:35","guid":{"rendered":"http:\/\/photostory.dk\/?page_id=1092"},"modified":"2017-01-03T16:47:35","modified_gmt":"2017-01-03T16:47:35","slug":"peterspladsen-vatikanet-i-rom","status":"publish","type":"page","link":"https:\/\/www.photostory.dk\/?page_id=1092","title":{"rendered":"Peterspladsen Vatikanet i Rom"},"content":{"rendered":"<p style=\"text-align: center;\"><a href=\"http:\/\/photostory.dk\/wp-content\/uploads\/2017\/01\/rom2007-016-002.jpg\"><img decoding=\"async\" loading=\"lazy\" class=\"alignnone size-large wp-image-1094\" src=\"http:\/\/photostory.dk\/wp-content\/uploads\/2017\/01\/rom2007-016-002-1024x686.jpg\" alt=\"\" width=\"660\" height=\"442\" srcset=\"https:\/\/www.photostory.dk\/wp-content\/uploads\/2017\/01\/rom2007-016-002.jpg 1024w, https:\/\/www.photostory.dk\/wp-content\/uploads\/2017\/01\/rom2007-016-002-295x198.jpg 295w, https:\/\/www.photostory.dk\/wp-content\/uploads\/2017\/01\/rom2007-016-002-768x515.jpg 768w\" sizes=\"(max-width: 660px) 100vw, 660px\" \/><\/a><br \/>\nPeterspladsen Vatikanet i Rom<\/p>\n<p style=\"text-align: left;\">Peterspladsen er den store plads foran Peterskirken i Rom, kendt for sine mange s\u00f8jler og kolonnader, hvorp\u00e5 helgener og paver er formet i sten. Den er tegnet af Gian Lorenzo Bernini og bygget i perioden 1656-1667.Pladsen er ca. 240 meter lang og ca. 98-119 meter bred og best\u00e5r af 4 cirkelbuer.<\/p>\n<p>Midt p\u00e5 pladsen st\u00e5r en \u00e6gyptisk obelisk, der er flankeret af to font\u00e6ner. Obelisken m\u00e5ler i h\u00f8jden 25,50 m. Med sokkel og korset p\u00e5 toppen m\u00e5ler hele monumentet ca. 41 m. Obelisken er hentet til Rom af Caligula i \u00e5r 37. Caligula ogs\u00e5 kaldet Gaius C\u00e6sar Augustus Germanicus var romersk kejser.<\/p>\n","protected":false},"excerpt":{"rendered":"<p>Peterspladsen Vatikanet i Rom Peterspladsen er den store plads foran Peterskirken i Rom, kendt for sine mange s\u00f8jler og kolonnader, hvorp\u00e5 helgener og paver er formet i sten. Den er tegnet af Gian Lorenzo Bernini og bygget i perioden 1656-1667.Pladsen er ca. 240 meter lang og ca. 98-119 meter bred og best\u00e5r af 4 cirkelbuer. &hellip; <a href=\"https:\/\/www.photostory.dk\/?page_id=1092\" class=\"more-link\">L\u00e6s mere <span class=\"screen-reader-text\">Peterspladsen Vatikanet i Rom<\/span><\/a><\/p>\n","protected":false},"author":1,"featured_media":0,"parent":0,"menu_order":0,"comment_status":"closed","ping_status":"closed","template":"","meta":[],"_links":{"self":[{"href":"https:\/\/www.photostory.dk\/index.php?rest_route=\/wp\/v2\/pages\/1092"}],"collection":[{"href":"https:\/\/www.photostory.dk\/index.php?rest_route=\/wp\/v2\/pages"}],"about":[{"href":"https:\/\/www.photostory.dk\/index.php?rest_route=\/wp\/v2\/types\/page"}],"author":[{"embeddable":true,"href":"https:\/\/www.photostory.dk\/index.php?rest_route=\/wp\/v2\/users\/1"}],"replies":[{"embeddable":true,"href":"https:\/\/www.photostory.dk\/index.php?rest_route=%2Fwp%2Fv2%2Fcomments&post=1092"}],"version-history":[{"count":2,"href":"https:\/\/www.photostory.dk\/index.php?rest_route=\/wp\/v2\/pages\/1092\/revisions"}],"predecessor-version":[{"id":1096,"href":"https:\/\/www.photostory.dk\/index.php?rest_route=\/wp\/v2\/pages\/1092\/revisions\/1096"}],"wp:attachment":[{"href":"https:\/\/www.photostory.dk\/index.php?rest_route=%2Fwp%2Fv2%2Fmedia&parent=1092"}],"curies":[{"name":"wp","href":"https:\/\/api.w.org\/{rel}","templated":true}]}}